git of 212243758?
2
What is the ten millions digit of 44451797?
4
What is the millions digit of 39032015?
9
What is the tens digit of 94977321?
2
What is the thousands digit of 471023758?
3
What is the ten thousands digit of 41706495?
0
What is the ten thousands digit of 43697330?
9
What is the ten millions digit of 29989898?
2
What is the billions digit of 1640408147?
1
What is the millions digit of 70169224?
0
What is the hundred millions digit of 1927547304?
9
What is the units digit of 342809240?
0
What is the ten millions digit of 493576662?
9
What is the ten millions digit of 469879263?
6
What is the hundred millions digit of 5497896415?
4
What is the millions digit of 1063881919?
3
What is the units digit of 297515470?
0
What is the hundred thousands digit of 583880728?
8
What is the hundred thousands digit of 119370002?
3
What is the tens digit of 104280503?
0
What is the units digit of 11251413?
3
What is the tens digit of 382655653?
5
What is the millions digit of 2468689?
2
What is the ten millions digit of 11283569?
1
What is the thousands digit of 1106400964?
0
What is the millions digit of 54875750?
4
What is the tens digit of 356619?
1
What is the units digit of 58995690?
0
What is the ten thousands digit of 2709304?
0
What is the units digit of 46225022?
2
What is the millions digit of 1530619441?
0
What is the hundreds digit of 41246644?
6
What is the ten millions digit of 573769792?
7
What is the tens digit of 489031130?
3
What is the hundreds digit of 47014955?
9
What is the units digit of 189038906?
6
What is the thousands digit of 154465057?
5
What is the thousands digit of 54449566?
9
What is the hundreds digit of 934719739?
7
What is the ten thousands digit of 579010640?
1
What is the millions digit of 8057292604?
7
What is the hundred millions digit of 150765261?
1
What is the thousands digit of 5194306463?
6
What is the ten millions digit of 3188206183?
8
What is the thousands digit of 186044779?
4
What is the thousands digit of 16589935?
9
What is the tens digit of 863681543?
4
What is the hundred thousands digit of 603155185?
1
What is the ten millions digit of 572891721?
7
What is the ten thousands digit of 241991170?
9
What is the thousands digit of 947940521?
0
What is the hundred millions digit of 799515355?
7
What is the thousands digit of 4140222004?
2
What is the hundreds digit of 1305421402?
4
What is the hundred thousands digit of 12732571?
7
What is the tens digit of 850798402?
0
What is the thousands digit of 41129881?
9
What is the hundreds digit of 29973479?
4
What is the hundred millions digit of 459862192?
4
What is the hundred thousands digit of 841530831?
5
What is the billions digit of 1114445477?
1
What is the millions digit of 334197134?
4
What is the millions digit of 2149099753?
9
What is the units digit of 148334181?
1
What is the hundreds digit of 166720098?
0
What is the hundreds digit of 492709019?
0
What is the hundreds digit of 103007812?
8
What is the tens digit of 267537542?
4
What is the thousands digit of 328595171?
5
What is the tens digit of 100055522?
2
What is the hundreds digit of 3364077373?
3
What is the millions digit of 6481391?
6
What is the ten millions digit of 1074937713?
7
What is the hundred millions digit of 964678505?
9
What is the hundreds digit of 858628215?
2
What is the units digit of 31946173?
3
What is the billions digit of 4183794104?
4
What is the ten thousands digit of 97378035?
7
What is the hundred millions digit of 302703183?
3
What is the ten millions digit of 281923156?
8
What is the hundred millions digit of 1963446999?
9
What is the millions digit of 17905521?
7
What is the thousands digit of 119475716?
5
What is the ten thousands digit of 5467100066?
0
What is the hundred thousands digit of 118730134?
7
What is the ten thousands digit of 246176466?
7
What is the hundred thousands digit of 96745214?
7
What is the millions digit of 2103339439?
3
What is the tens digit of 143373135?
3
What is the tens digit of 504580707?
0
What is the millions digit of 8532741?
8
What is the hundreds digit of 7880125?
1
What is the ten millions digit of 95604390?
9
What is the tens digit of 984078955?
5
What is the tens digit of 874770543?
4
What is the units digit of 538236570?
0
What is the hundred thousands digit of 40100613?
1
What is the thousands digit of 310175330?
5
What is the ten thousands digit of 807134168?
3
What is the millions digit of 902751879?
2
What is the units digit of 614531422?
2
What is the ten millions digit of 82814336?
8
What is the hundred thousands digit of 61650238?
6
What is the thousands digit of 30038568?
8
What is the millions digit of 62166277?
2
What is the ten millions digit of 243842692?
4
What is the tens digit of 23655622?
2
What is the thousands digit of 44604691?
4
What is the tens digit of 819378254?
5
What is the tens digit of 2932390831?
3
What is the hundred millions digit of 453279108?
4
What is the millions digit of 51181381?
1
What is the ten millions digit of 254497709?
5
What is the hundred thousands digit of 135244455?
2
What is the millions digit of 854823975?
4
What is the thousands digit of 98134370?
4
What is the tens digit of 418585347?
4
What is the millions digit of 1356817704?
6
What is the units digit of 115623440?
0
What is the hundreds digit of 77975695?
6
What is the billions digit of 1866063732?
1
What is the hundred millions digit of 200106184?
2
What is the hundreds digit of 874631128?
1
What is the millions digit of 83318572?
3
What is the hundreds digit of 119139555?
5
What is the units digit of 2187659655?
5
What is the units digit of 1093006345?
5
What is the ten millions digit of 286966102?
8
What is the thousands digit of 1993941061?
1
What is the millions digit of 546037743?
6
What is the millions digit of 1243110464?
3
What is the hundred thousands digit of 3142950462?
9
What is the ten millions digit of 128816062?
2
What is the hundreds digit of 1168354030?
0
What is the ten millions digit of 79243800?
7
What is the hundreds digit of 2554380177?
1
What is the ten thousands digit of 1401766008?
6
What is the millions digit of 208194243?
8
What is the ten millions digit of 50892705?
5
What is the hundreds digit of 139075327?
3
What is the ten millions digit of 267123738?
6
What is the tens digit of 8718332?
3
What is the tens digit of 49916037?
3
What is the ten thousands digit of 1554580572?
8
What is the millions digit of 773086780?
3
What is the hundreds digit of 829484407?
4
What is the units digit of 908803378?
8
What is the hundred thousands digit of 603723895?
7
What is the hundred millions digit of 274859969?
2
What is the millions digit of 442921248?
2
What is the tens digit of 89702141?
4
What is the hundreds digit of 70901684?
6
What is the thousands digit of 71855052?
5
What is the ten thousands digit of 451898250?
9
What is the ten millions digit of 1368070869?
6
What is the hundred thousands digit of 1347993610?
9
What is the ten thousands digit of 64384832?
8
What is the ten millions digit of 106672727?
0
What is the hundred thousands digit of 467588591?
5
What is the hundreds digit of 3510754328?
3
What is the units digit of 3087348177?
7
What is the millions digit of 784635530?
4
What is the billions digit of 2050405176?
2
What is the units digit of 6162024?
4
What is the millions digit of 1113490737?
3
What is the hundred thousands digit of 562167274?
1
What is the ten millions digit of 44377052?
4
What is the ten millions digit of 3283368061?
8
What is the hundred millions digit of 481549765?
4
What is the ten millions digit of 2153211927?
5
What is the hundred thousands digit of 21555886?
5
What is the thousands digit of 45344087?
4
What is the units digit of 468329664?
4
What is the millions digit of 468669349?
8
What is the hundred thousands digit of 289396213?
3
What is the billions digit of 1290778888?
1
What is the units digit of 8613975?
5
What is the ten thousands digit of 203769234?
6
What is the thousands digit of 16486766?
6
What is the hundred millions digit of 1146441005?
1
What is the thousands digit of 66435282?
5
What is the thousands digit of 180559024?
9
What is the units digit of 1637390315?
5
What is the ten millions digit of 104842581?
0
What is the milli